der when m is divided by 16?
13
Let a be -3*((-6)/8)/(45/(-1160)). Let u = 40 + a. Calculate the remainder when ((-1)/(-4))/(u/(-648)) is divided by 6.
3
Suppose -11 = -3*r + 7, 0 = 3*c + 4*r - 201. Calculate the remainder when 2414 is divided by c.
54
Suppose -372 = 24*z - 540. Let s(q) = -q + 23. What is the remainder when s(0) is divided by z?
2
Let h = 82557 - 48108. What is the remainder when h is divided by 27?
24
Let j(k) = k**2 + 29*k - 69. Let p be j(-35). Suppose 8*m = p + 147. Calculate the remainder when 466 is divided by m.
34
Let m(j) = -j + 3. Let x be m(-6). Suppose -x*o = -o - 16. Calculate the remainder when o is divided by 2.
0
Let d(h) = 157*h**2 + 35*h + 4. What is the remainder when d(-2) is divided by 89?
28
Let m(d) = -d**2 - 194*d + 814. Calculate the remainder when 42 is divided by m(4).
20
Let f = 182 + 10. Suppose f = -29*t + 31*t. Calculate the remainder when 105 is divided by t.
9
Let i(s) = s**3 - 9*s**2 - 9*s - 6. Let d = -2 + 42. Suppose d = g + 3*g. What is the remainder when i(g) is divided by 1?
0
Suppose -3*b + 19 - 7 = 0, -q - 3*b + 121 = 0. What is the remainder when q is divided by (-1824)/(-56) - 1 - (-6)/14?
13
Suppose 0 = -0*j + 4*j - 5*v - 28, -3*j = 2*v - 44. Suppose 30*z - 1356 - 234 = 0. Let f = z + j. Calculate the remainder when f is divided by 18.
11
Let h = -168 - -242. Calculate the remainder when 17 is divided by -1 - h/(-7) - 12/21.
8
Suppose -5*c + 386 + 109 = 0. Let j = c - 51. Suppose -8*q = -10*q + j. Calculate the remainder when q is divided by 9.
6
Suppose -5*d = 2*s + 16 + 21, 3*s = 5*d - 68. Let r = s + 124. Calculate the remainder when r is divided by 13.
12
Let u be ((-12)/(-10))/((-30396)/(-2760) + -11). Let f = 165 - u. What is the remainder when f is divided by 19?
16
Suppose -75*b + 82 = -116*b. What is the remainder when 554 is divided by b/(-5) - (-2117)/145?
14
Let d = -108 + 120. Let z(o) = -o**2 + 8*o + 51. Let b be z(d). Suppose b*l - 63 - 33 = 0. What is the remainder when l is divided by 11?
10
Calculate the remainder when (-86)/(-215) + ((-143676)/(-15))/4 is divided by 50.
45
Let p(r) = -7*r**2 + 71*r - 6. Let t be p(11). Let j = -46 - t. What is the remainder when 47 is divided by j?
21
Let t(o) = 5*o - 82. What is the remainder when t(34) is divided by 31?
26
Suppose 5*z = 2*b + 16 - 9, -5*z - 5*b = 0. Calculate the remainder when ((-62)/6*z)/((-15)/45) is divided by 8.
7
Calculate the remainder when 289 is divided by ((-3)/(-9))/((24/(-189))/(-8)).
16
Suppose 29 = -4*h + 189. What is the remainder when (10/3)/(-5)*(-1 + -173) is divided by h?
36
Let o be 1 + 4 + (-30)/10. Suppose 0*g + 26 = o*g - 2*a, 8 = 2*a. Suppose -16 = -3*i - 4. What is the remainder when g is divided by i?
1
Suppose 168*j - 7524 = 13644. Calculate the remainder when j is divided by 85.
41
What is the remainder when 1052792/371 + 4/14 is divided by 20?
18
Suppose 5*v + 15 = 0, -2*v = 3*c - 7*v - 1200. What is the remainder when c is divided by 2/23 + (-68804)/(-3841)?
17
Suppose -4*f - 20 = -6*f - 2*t, -t + 30 = 5*f. Suppose 4*y + 278 = f*h, -7*h - 3*y + 264 = -2*h. Calculate the remainder when h is divided by 20.
14
Suppose -s + 154 = 4*c, 0 = 4*s - 0*s + 8. Calculate the remainder when c is divided by (-56)/(-3) - -1*(-105)/(-45).
18
Let q(y) = -y**3 + 50*y**2 + 73*y - 543. What is the remainder when q(51) is divided by 183?
30
Suppose 5*b = -4*w - 9, 0 = -2*b + 4*w + 1 + 1. Let j be 28/35*(-670)/4*b. Let o = j - 127. What is the remainder when 27 is divided by o?
6
Let q(h) = 32*h**2 + 5*h - 4. Let t(r) = r**3 + 10*r**2 - 21*r - 1. What is the remainder when t(-11) is divided by q(1)?
10
What is the remainder when -7*253/(-77) + 20 is divided by (5/10)/((-1)/(-12))?
1
Suppose 9 = 5*h - 1131. Let m = -108 + h. Suppose 0 = 11*r - 13*r + m. Calculate the remainder when r is divided by 9.
6
Let s be (-20)/((-8)/(-2))*-48. Suppose s = 5*u - 270. What is the remainder when u is divided by (-2)/(-10) - (-6 + 693/(-35))?
24
Let z(q) be the first derivative of q**4/4 + 4*q**3/3 - 14*q**2 - 108*q - 99. Calculate the remainder when 66 is divided by z(-4).
2
Let r(y) = -36*y - 60. Let i be r(-9). Let x = i - 201. What is the remainder when x is divided by 22?
19
Suppose 0 = -6*g + 2720 + 1228. Let k = g + -559. Calculate the remainder when k is divided by 21.
15
Suppose 5*w + 780*v = 781*v + 291, -3*w - 4*v = -193. Let u be ((-30)/(-4))/(3/12). Let t = 61 - u. What is the remainder when w is divided by t?
28
Let d = -650 - -657. Suppose r - 794 = -a, -2*a = -d*a. Calculate the remainder when r is divided by 53.
52
Let a(j) = 3*j + 40. Suppose 0 = 7*k - 12*k - 120. Let f = 40 + k. What is the remainder when a(13) is divided by f?
15
Suppose -17*o + 146 = -364. Calculate the remainder when 21 is divided by (((-12)/8)/((-3)/o))/1.
6
Suppose 4*z - 48 = 4*g, z = -2*z + g + 40. What is the remainder when (-5135)/(-104) + (-135)/40 + 3 is divided by z?
7
Let v(s) = -1662*s - 29899. Let k(n) = 3*n**2 + 7*n + 10. What is the remainder when k(-7) is divided by v(-18)?
6
Suppose 1626 = -197*r + 198*r + 4*n, 0 = -2*n + 8. Calculate the remainder when r is divided by 52.
50
Let c(s) = 140*s**3 + 2*s**2 - 10*s + 9. What is the remainder when c(1) is divided by 27?
6
Let a = -24545 + 24611. What is the remainder when 263 is divided by a?
65
Let a(f) = 7*f + 438. Calculate the remainder when 1084 is divided by a(-58).
28
Let z(c) = c**3 + 5*c**2 - 31*c + 7. Let o(y) = -y**3 - y**2 - 1. Let m(i) = -3*o(i) - z(i). What is the remainder when m(7) is divided by 12?
9
Suppose 0 = -9*z + 7*z + 20. Calculate the remainder when 0 - -3 - (-275 - z) is divided by 29.
27
Suppose -2*f + 22 = w - 10, -4*f + 142 = 5*w. Suppose 2*s = 4*s. Suppose -3*n - 3*d + 15 = s, n - w = -n + 2*d. What is the remainder when 33 is divided by n?
6
Let q(o) = -83*o - 2. Let f be q(-1). Let m = f + -48. Let u(g) = g**2 + 15*g + 21. Calculate the remainder when m is divided by u(-14).
5
What is the remainder when 0 - 10 - (5 - 4457)/12 is divided by 43?
17
Suppose 0 = -4*t + z + 1824, -5*t + 2280 = -2*z - 3*z. Suppose -241*y - t = -245*y. What is the remainder when y is divided by 22?
4
Let v = 25 - 14. Let g = v + -2. Suppose 0 = -45*r + 40*r - 3*f + 107, -2*r = -f - 23. What is the remainder when r is divided by g?
7
Let k = -8401 + 11900. Calculate the remainder when k is divided by 206.
203
Let p(z) = 4*z**2 - 59*z - 248. Calculate the remainder when 444 is divided by p(19).
69
Suppose -54*w - 419 = -205*w + 3809. What is the remainder when 1847 is divided by w?
27
Suppose -980 = -4*j - 2*x, -214 = -j + 2*x + 41. Suppose 0 = -5*g - 2*n + 248, -5*g = 8*n - 5*n - j. Calculate the remainder when 549 is divided by g.
49
Let p(l) = -18*l + 395. What is the remainder when p(19) is divided by 7?
4
Suppose -4*z = 4*p - 220, -z - 45 = -p + 6. Let k(c) = 802*c - 791. What is the remainder when p is divided by k(1)?
9
Calculate the remainder when (-4724)/(-6) - (0 - (0 + -1))/3 is divided by 99.
94
Let k = 66 - 36. Let q be ((-12)/10)/(k/100). What is the remainder when 30 is divided by ((-220)/16)/5*q?
8
Calculate the remainder when (-15 - -12 - -7)*1650/4 is divided by 31.
7
Suppose 0 = 27*o - 6 - 187 - 77. Calculate the remainder when 156 is divided by o.
6
Let z(f) = 57*f + 93. Let m(l) = -38*l - 62. Let w(a) = -7*m(a) - 5*z(a). Calculate the remainder when w(-6) is divided by 42.
41
Suppose 259 = m - 6*y, -485*y + 480*y = -4*m + 1093. Calculate the remainder when m is divided by ((40 - 2) + 2)*1.
37
Let q(n) = -3*n + 4. Let k = 18 - 15. Suppose k*v + 1 - 5 = -t, 4*t + 2*v + 14 = 0. What is the remainder when q(t) is divided by 10?
9
Suppose 0 = 156*n - 149*n - 420. Suppose -n = -3*u - 2*y, u - 4*y + 7*y = 13. Calculate the remainder when 83 is divided by u.
17
Let k = 107 + -103. Suppose 0 = k*w + s - 1015, -5*s - 63 = -w + 175. Suppose -8*v - 3*v = -w. What is the remainder when 110 is divided by v?
18
Let t(h) = -1957*h + 76349. Calculate the remainder when (1/1)/(1/103) is divided by t(39).
25
Let n = 1250 - -1104. Calculate the remainder when n is divided by 20.
14
Suppose 4*r - 113 = 59. Calculate the remainder when (-4113)/(-7) + 12 - 3/(-7) is divided by r.
41
Let p = 21084 - 20565. Calculate the remainder when p is divided by 57.
6
Let p(